0 - 60 - -12
-33
What is (-83 - -67) + 11 + -19?
-24
Calculate -1 - 2 - (-92 + 69) - 8.
12
27 - -1 - (3361 - 3344)
11
-3 + 1 - (56 + 19 + -69)
-8
Calculate -6 + (-3 - -6 - (4 + 0) - 5).
-12
Evaluate 6 + (-2 - (8 + -11)) + (-4 - -5).
8
What is -8 + -16 + 30 + -19?
-13
What is the value of 5 + (7 - (0 - -18))?
-6
Evaluate 2 + (-8 - 1 - -19).
12
Calculate -7 + -21 + 6 + 38.
16
(-3 - (-11 + 7 + -6)) + -3
4
Calculate (-18 - (-21 + 77)) + 36.
-38
Calculate (39 - -6 - 38) + (-35 - -1 - 1).
-28
What is 2 - 3 - (3 + (0 - (-3 - 9)))?
-16
(-13 - -1) + 4 + 4
-4
Calculate -1 + 4 - (-181 + 184).
0
What is the value of 3 - ((-784 - -809) + (1 - (4 + 0)))?
-19
Calculate (12 - -7) + -3 + 12 + -8.
20
-13 - -16 - 13 - (-1 + -9)
0
Calculate 7 + (-17 + -2 - -3) - (-3 + 1).
-7
10 + -3 - ((29 - 50) + 33)
-5
Evaluate 13 - -2 - (8 + -8 - -9 - 6).
12
What is the value of -1 + 0 + (-4 - (2 + -27 + 10))?
10
Evaluate -15 - -9 - (3 - (2 + 14)).
7
Evaluate 28 + -7 - -3 - 26.
-2
What is the value of 63 - 26 - (-2 + 0 + -4 + 11)?
32
Calculate (5 + -2 - (-50 - -42)) + (2 - -13).
26
Evaluate 0 + 0 - (74 + -67).
-7
What is the value of 5 + (-9 + 11 - 3) - 4?
0
(14 - 11) + (-9 - 5) - (-1 + 0)
-10
Evaluate -69 + 79 + -23 + 2 - -6.
-5
Evaluate -1 + -13 - (-3 + 10 - 2).
-19
(-7 - -8) + 8 - (-4 - (-6 - -4))
11
What is -5 + 36 + -56 + 0?
-25
-6 - (45 - 40) - (0 + 2 + -1)
-12
What is -6 + (-15 - (4 + -11 - -1)) + 6?
-9
Calculate -4 + 2 + (22 - 7) - (-23 - -25).
11
Evaluate -4 + 3 + -7 + -1 - 9.
-18
What is the value of 13 + (2 - 1) - 10?
4
5 + -1 + (-16 - 3) + 26
11
What is the value of 11 - 15 - ((-2 - -3) + -17)?
12
Calculate -3 + 0 - (4 + -15 + (7 - 1)).
2
(-9 - 0 - -10 - 4 - -7) + -26
-22
What is the value of 160 + -143 - (14 - 1) - (-13 - 1)?
18
What is the value of 15 + (-28 - (-13 + -18))?
18
What is 3 + 2 - ((-2 - (0 + 0)) + -6)?
13
Evaluate 2 + (-5 - -7) + -5 + -5.
-6
Calculate -9 + 4 - (-24 - -22).
-3
What is the value of 23 - (-7 + 4 + -5 + (-14 - -11))?
34
13 - (4 - 4) - (10 - -4)
-1
What is the value of (-5 - ((-6 - -22) + -14)) + -4?
-11
Evaluate 1 + -2 + 37 + (-25 - 24).
-13
81 + -74 + 2 + -2
7
What is the value of 20 + 12 + -18 + -16?
-2
Evaluate 22 + -43 + (17 - -2).
-2
Evaluate -7 + (-5 - (-23 - -7)) + (-3 - -3).
4
What is the value of (-6 - 0) + (-8 - 3) + 35?
18
Calculate 4 + -6 - (7 + -16) - 7.
0
-35 - 0 - (-431 + 404)
-8
-251 + 241 + (0 - 1 - (-2 - -1))
-10
-38 + 15 + (-1 - -11)
-13
Evaluate -9 - ((-1 - -2) + (-4 - (-29 + 19))).
-16
33 - (-1 + 3) - (314 + -305)
22
Evaluate (24 - (38 + -13)) + 0 + (5 - 1).
3
What is 22 - 21 - -3 - (1 - (-2 - -4))?
5
What is -24 - (13 - 1 - (-15 - (-8 - 16)))?
-27
Calculate -12 - (-1 - (2 + 12)).
3
Calculate -269 + 271 - (6 - -1).
-5
1 + -1 - (-2 - (5 - (4 + 5)))
-2
What is -3 + -16 + 13 + 7 + 28?
29
Evaluate -5 - 0 - (45 + -76 + 38).
-12
(13 - 17) + (-3 - 0) - (-7 + 4)
-4
Calculate 1 - -19 - (-228 + 250).
-2
Evaluate (3 + -1 - -2) + 1 + (-6 - 13).
-14
(20 - 27) + 6 + -4
-5
Evaluate -5 + 18 + -9 + 5.
9
What is the value of -120 + 112 + (0 - (2 + -2)) - 10?
-18
Calculate 23 - (-5 - -19 - (9 + 7)).
25
27 + (5 - -3 - (35 + -19))
19
Evaluate 3 - 2 - (-4 + (-6 - -27)).
-16
-2 - -46 - (15 + 15 + -14)
28
(-39 - -18 - -19) + (0 - 1)
-3
Evaluate (-12 - -15) + -7 + -8.
-12
Calculate -2 + 23 + -38 - (1 - (4 - -1)).
-13
What is (24 - (-37 + 55)) + 3 + -1 + -32?
-24
What is the value of -8 + 2 + -2 + -1 + 4 - -6?
1
Evaluate 7 + 3 + -35 - -19.
-6
Calculate (7 - (7 + 4)) + -4 + -5.
-13
Calculate -664 + 671 + 2 + (-2 - 7).
0
What is the value of -17 + (30 - 10) + -2?
1
Evaluate 1 + -16 + 2 + (-143 - -149).
-7
What is the value of -14 + 8 + -15 + 11?
-10
-19 + 12 - (-9 - 0) - 13
-11
Evaluate 27 + 30 + -34 - (2 - (-4 + 2)).
19
Evaluate 1 + -6 + 10 + -12 + 2.
-5
What is the value of -2 - (-10 - -3 - (-7 + (-3 - 8)))?
-13
What is 4 - (-7 - (-10 - (5 + -15)))?
11
-8 + 7 + 7 + -7 - (27 - 20)
-8
-1 + (4 + -4 - -2) - (-85 + 72)
14
-2 + 2 + -185 + 183
-2
11 - (26 - 18 - -30)
-27
Calculate -5 + 22 + -16 + -3.
-2
What is the value of (5 - (-1 - -2)) + (50 - 68) + 10?
-4
What is 7 - ((10 + -10 - -6) + 4) - 9?
-12
What is 46 + -40 - (1 - 9 - (-5 - -4))?
13
Evaluate (-6 - (10 + -7 + -5)) + -8 + 13.
1
What is the value of (2 - 35) + (71 - 53) + 50?
35
Evaluate -3 - (-22 + 37 + -20).
2
4 + -11 - (-11 - -18)
-14
-2 + 20 - (-8 + 37 + -4)
-7
Evaluate (-10 + -4 - -6) + (-3 - -10 - 5).
-6
Calculate 3 + -4 + (2 - (3 + -3 + 2)).
-1
1 - 4 - (-1729 + 1744)
-18
Evaluate 13 + 9 + 12 + -14 - (-4 + 3).
21
14 - (24 + 2 - (-11 - -19))
-4
Evaluate -7 - ((-4 - -13) + (-13 - 26)).
23
Calculate 4 - ((-48 - -54) + 12 + -1).
-13
Evaluate (13 - 22) + (3 - (3 - -1)).
-10
Evaluate -5 - ((7 - 13) + 6).
-5
Evaluate 11 - ((11 - 19) + 33).
-14
(8 + -1 - (-5 + 49)) + (-4 - -4)
-37
-12 + (8 - 7) - (-17 + 21)
-15
Evaluate 44 - 35 - (3 - (-3 + 11)).
14
Calculate (13 - 5) + 2 + (-22 - -2).
-10
What is 8 - (-8 - (6 - 38))?
-16
Calculate (-14 - (-15 + -20)) + -26.
-5
-20 + (19 - 8) - (-1 - -1)
-9
12 + (-12 - (-18 + 15))
3
Evaluate 32 + -45 + (-6 - -16).
-3
What is -2 + 1 + (43 - 42)?
0
25 + 0 - (-214 + 259)
-20
What is 0 - (1 + 3) - (70 - 93)?
19
-311 + 296 + (14 - -1)
0
What is the value of 4 - (((1 - 0) + -3 - -7) + -5)?
4
-3 + 6 + 3 + -15 + -7 + 10
-6
-17 - (-18 + (0 - -12))
-11
Evaluate -8 - (18 + (-23 - -1) + (0 - -1)).
-5
Evaluate 3 + (-15 - 1) + 13.
0
Calculate 2 + 10 - (-17 - (13 - (-18 + 40))).
20
-15 - (41 + -17 + (4 - 16))
-27
What is -11 - (-17 + (-11 - -44) + -34)?
7
What is the value of (27 - -17 - 33) + 6 + 0 + -2?
15
Calculate 8 - (-3 + 8 + 17).
-14
Evaluate -26 + 33 - (1 + -2) - 8.
0
Evaluate -2 + ((3 - -7) + -13 - (-6 - -2)).
-1
What is -7 - (-1 - 11) - 11?
-6
Calculate -6 - (3 - (6 + 0) - (4 - 6)).
-5
What is (-45 - -73) + -15 - 24?
-11
Calculate (-3 - -4) + -24 - (-15 - -9).
-17
What is the value of 63 + -18 + -25 - 21?
-1
(-3 - 0) + -3 - (30 + (11 - 49))
2
What is the value of -11 - -9 - 2 - (-3 + -1)?
0
14 + (5 - 15) - (-4 - -16)
-8
Calculate 6 - (20 + -1 + 8 + -15 + 12).
-18
What is (-13 - (0 - (1 - (-4 - -2)))) + -3?
-13
What is -15 + 10 + -8 + 7 + -10?
-16
What is the value of 15 + -12 - 27 - ((1 - 8) + -1)?
-16
What is 6 - (0 - (3 + -1 + -6))?
2
Calculate (-290 - -258) + (6 - -3) + (-1 - 0).
-24
What is 12 - ((3 - 8) + -2 + 11)?
8
1 + (-1 - -1) + (-4 - (15 - -6))
-24
Calculate 34 - 15 - 24 - 14.
-19
9 - (12 - -9 - 31)
19
12 - -15 - 26 - (5 + 1)
-5
What is (6 - -4) + -4 + -4?
2
What is -4 + (8 - 3) + -28 + 6?
-21
Evaluate (3 - (7 + -7 + 4)) + -12.
-13
Evaluate -12 + -4 + 11 - (0 - 6).
1
13 + -2 + 11 - 11 - 30
-19
What is (0 - 13) + (15 + -23 - -18)?
-3
What is -2 + 6 - (27 + -28 - -4)?
1
Evaluate (-6 - -6) + -4 + 11 - -4.
11
Calculate -9 - ((-3 - 9) + (10 - -10)).
-17
-13 + 6 + 17 + -10
0
Evaluate -16 - -31 - 18 - 7.
-10
What is -5 + (16 - 5) + 3 - 18?
-9
What is the value of (30 - 4) + (14 - (-1 + 8) - 10)?
23
30 + (13 + -11 - (-1 - -11))
22
Calculate -16 + 1 - 2 - (471 - 472).
-16
Evaluate -1 - (0 + -7 + 17 + -7 + 3).
-7
What is (-7 + -4 - -7) + (7 - -3) + -6?
0
What is 9 - (-2 + 2) - (452 - 449)?
6
Calculate -3 + -3 + 8 - (2 + -35 + 39).
-4
Evaluate 9 + -10 + 28 + -1 + (1 - 6).
21
Evaluate -1 + 39 - (20 - 1) - (-1 + -8).
28
What is -362 + 373 + (-4 - -10)?
17
Evaluate (471 - 497) + 44 + 2.
20
What is the value of -21 + 22 - -12 - -2?
15
Evaluate 0 + -6 - (-13 + 5 + 20 - 11).
-7
(-5 - -6) + (-4 - (-15 + 11 - 6))
7
What is the value of -10 + -3 + -3 - (-23 + 4)?
3
(-11 - (13 - 64)) + -20
20
Evaluate 601 - 612 - (0 + 0).
-11
Calculate ((6 - 14) + -5 - -8) + -20.
-25
Calculate -13 - 4 - (-9 - -2).
-10
What is the value of -22 + -2 - -54 - 34?
-4
Evaluate -18 + (0 + 6 - (63 + -67)) + 1.
-7
(11 - -3) + (7 - 10) + 6 + 2
19
Calculate (1 - -3) + 0 + 0 - (12 - 3).
-5
Calculate -29 - -3 - -7 - (1 + 0 + 6).
-26
Calculate 17 + (57 - 44 - (29 - 1)).
2
What is -39 + 30 + (23 - (0 - 2) - 2)?
14
Evaluate -4 - 0 - (-78 + 79).
-5
Evaluate 0 + (4 - (8 - (0 + -6 + 7))).
-3
What is the value of 3 + -2 + (-4 - 3 - 0) + 8?
2
What is the value of -5 + -1 - (-20 - (-5 + 1))?
10
Evaluate 5 + -5 + 4 + -3 + 12.
13
What is -12 - (-4 - -1 - (-8 - -12))?
-5
-5 + 2 + -3 + 1 + 35 + -29
1
What is the value of 8 + 1 + 9 + 11 + -23?
6
What is 6 + -1 + -7 + 5 - (0 + 20)?
-17
5 - 3 - -3 - (-2 - 0)
7
What